29. Is g(k) prime?
False
Suppose -3*n = -2*b - 5*n + 24, 0 = 3*b - 4*n - 8. Suppose 689 = b*z - 199. Is z a composite number?
True
Let n be -1 - (-16)/(8/2). Suppose 2*q = 2*b + 3*b - 356, 0 = n*b. Let o = 317 + q. Is o composite?
False
Suppose 26*o - 17965 = 21*o. Is o prime?
True
Let a = 19720 + 24465. Is a prime?
False
Suppose 162*m = 168*m - 1518. Is m a composite number?
True
Let v(i) = 202*i**2 - 2*i - 1. Let g(d) = -d**2 - 1. Let a be g(-1). Let l be 1*4 - (a + 7). Is v(l) a composite number?
True
Let x be 5 + 0/(-3) + -3. Is x*1 + (10 - 5 - -678) composite?
True
Suppose 2*g = -1 - 3. Let i be 3/6*4/g. Is i/(-2 - -1) - -46 a composite number?
False
Let x(f) = -f**3 + 15*f**2 - 5*f - 3. Let a be x(14). Let o = 233 - a. Suppose -3*l + o = 2*l. Is l a composite number?
True
Let f = -829 - -4106. Let h = 5216 - f. Is h a composite number?
True
Let a = 34 - 35. Is a/(2/6) + 118 a prime number?
False
Let w = -1302 - -1843. Is w prime?
True
Let g = -29 + 28. Let b be 1 + 3 + (g - 1). Suppose 13 = -b*i + 4*t + 1491, 5*i + 3*t - 3734 = 0. Is i prime?
False
Let z(n) = -396*n + 28*n - 49*n + 4. Is z(-3) composite?
True
Is -2*2 + 314 + (-21)/7 a composite number?
False
Let g(i) = 147*i - 68. Is g(5) composite?
True
Let b = 8433 + -5327. Suppose 0 = 2*u - 4*h + 3*h - 3094, 4*h + b = 2*u. Is 2*(u/10 + -1) composite?
False
Suppose -35*i + 47450 = -29655. Is i a composite number?
False
Let j(o) = -o**3 + 15*o**2 + o - 6. Let l be j(15). Suppose 244 = u + l. Is u prime?
False
Let a = -2031 - -3632. Is a a prime number?
True
Let j = -10508 - -15697. Is j a composite number?
False
Let r = 1560 + -764. Suppose 0 = 2*i + 4*l - 20, l + 49 = 4*i + 6*l. Suppose b - 141 = -2*q + i, -5*b + q + r = 0. Is b composite?
True
Let o = -39521 - -55704. Is o a prime number?
True
Let j(g) = -37*g + 4. Let c = 27 + -38. Is j(c) prime?
False
Let i be 10/(-1)*8/(-16). Let a(p) = -27*p**2 - 5*p + 1. Let h(q) = -13*q**2 - 3*q + 1. Let c(m) = i*h(m) - 3*a(m). Is c(3) prime?
False
Let b be (-20)/((-28)/(-6) - 4). Let d = 231 + b. Is d a composite number?
True
Let r(t) = -2045*t + 6. Let d be -1 + 1 - 19/19. Is r(d) a prime number?
False
Let v = 7 - 3. Suppose -3*p + 1908 = -3*z, -4*z = -p + v*p - 1873. Is p composite?
False
Let p = -2366 - -3391. Let t = 1540 - p. Is t prime?
False
Let n = 33058 - 16765. Is n prime?
False
Let k = 2880 + -1352. Suppose c + 7*c = k. Is c composite?
False
Let j(a) = -19*a**3 - 6*a**3 - 1 - a**2 - a + 5*a**3. Let c(s) = s**2 + 11*s + 8. Let h be c(-10). Is j(h) a composite number?
False
Suppose y + 21571 = 2*x, -2*y = -135*x + 137*x - 21556. Is x a composite number?
True
Is (9/(-12))/((-4)/5072) a composite number?
True
Let a(p) = -p**3 - 7*p**2 - 5*p - 2. Let r be a(-6). Let b = 10 + r. Suppose -4*h = -b*h - 138. Is h composite?
True
Let x = -1817 - -2983. Suppose 0 = -g - 409 + x. Is g a prime number?
True
Let j(h) = -h - 4 - 8 + 2*h - 3*h. Let f be j(-8). Suppose 340 = f*c - 0*c - 2*r, -2*c + 5*r + 186 = 0. Is c composite?
False
Suppose 73 - 841 = -3*i + 5*m, -5*i + m + 1258 = 0. Is i a prime number?
True
Let z(w) = 0 - 4*w + 3 + 4*w**2 + 819*w**3 - 803*w**3. Let p(c) = -c + 6. Let q be p(4). Is z(q) a composite number?
False
Suppose -5*n + 2440 = -2*c, -2*c + c = 5. Let i = 1249 - n. Is i composite?
True
Suppose y + 34 = 4*i, -2*i + 10 = 2*y + y. Let z(d) = 3*d**2 - 6*d + 13. Is z(i) composite?
False
Suppose 4*p = -3*x - 16, -4*p = x - 0*x + 8. Let r = x - -117. Is r composite?
False
Suppose -4183 = -3*l - 4*k, -5*k = -4*l + 2*l + 2804. Is l a prime number?
False
Let i be (49035 - (-3 - 0))*1. Is (-1)/5 + i/15 a prime number?
False
Let q = 90 - 84. Suppose 93 = q*c - 57. Is c composite?
True
Let f(m) = -12027*m + 22. Is f(-1) a composite number?
False
Let a = 4 + 6. Let k = 57 + a. Suppose -3 = -2*l + k. Is l a composite number?
True
Let c = 41011 - 17210. Is c composite?
False
Suppose -20 = -2*w - 4*y, 5*w - 20 = w - 3*y. Suppose 0*t + 4*t = 0, -w*u + t = 6. Is (-5)/(u/(-18)*-3) a composite number?
True
Let w = -1520 + 8139. Is w composite?
False
Let r(q) = 1458*q - 17. Is r(1) composite?
True
Suppose 0 = -0*r - r. Suppose 0*d - 3*d = a - 12, -3*a = r. Suppose -d*v + 217 - 21 = 0. Is v composite?
True
Let u be ((-230)/(-5))/((-4)/(-2)). Suppose -22*v = -u*v + 43. Is v a prime number?
True
Let m(o) = 16*o - 19. Suppose 3*f - 14 = 5*f. Let d be m(f). Let w = -73 - d. Is w a prime number?
False
Let p be (-9)/12*-14 - (-1)/(-2). Suppose 327 + 903 = p*x. Is x a prime number?
False
Let j = 18 + -13. Is 1*3 + (280*58)/j a prime number?
True
Suppose -5*r + 127395 = 5*v, -4*v + 137678 - 35766 = 5*r. Is 3/2 + v/34 a composite number?
False
Suppose 11717 = 5*y - 3*n - 3317, -4*y + 3*n = -12029. Is y a composite number?
True
Suppose -2*g + 3*u + 22 = 0, -12 = 3*u - 0. Suppose 160 = g*a - 275. Is a composite?
True
Let g(s) = -632*s + 1. Let r be g(-1). Suppose 2*m - r = -m. Is m prime?
True
Let i(p) = -p**3 - 2. Let m be i(0). Let t = 5 + m. Suppose -h + 2*f = h - 130, t*f = -h + 73. Is h a composite number?
False
Is 7039*(-4)/(-16) + 12/(-16) a prime number?
True
Let m(g) = -85*g**2 + 0*g + 4 + 11*g + 101*g**2. Is m(9) a prime number?
True
Suppose -52 + 44 = -4*y, -3*y + 24203 = d. Is d composite?
False
Suppose -2*d - 3 - 5 = 0. Let p be 144/64 - (-1)/d. Suppose k = -3*j + 159, -p*j - 2*k + 147 = 41. Is j a prime number?
True
Suppose 3004 = 8*i - 4*i. Is i prime?
True
Let w = 109 + -106. Is (2 - 3955/w)*3/(-1) prime?
False
Let h = -22 - -24. Suppose -4*g - 2 = h. Is 412 + g + 7 + -5 a composite number?
True
Suppose -29*i = -133*i + 410072. Is i a composite number?
False
Let a(w) = w**2 - 14*w - 1. Let t be a(12). Is -5*1/(t/1355) prime?
True
Let m be 6 - (-3)/((-12)/8). Suppose -m*i - i + 2*c = 2310, -5*i = 5*c + 2310. Let d = i - -727. Is d a composite number?
True
Suppose 63708 = 4*i + 4*j, -j - 31860 = -10*i + 8*i. Is i a prime number?
False
Let p(u) = -48*u - 35. Is p(-16) composite?
False
Suppose 8*z - 5*z - 885 = 0. Suppose 5*b = 28 - 8. Suppose -5*u = -l + z, -2*u + 1224 = b*l - 0*u. Is l a prime number?
False
Let v(d) = 22*d**2 + 2*d - 1. Suppose 0*b - 3*b = -3*a + 18, 2*b - 3*a = -12. Let x be (2 + 0)*(-3)/b. Is v(x) a composite number?
False
Let f = 34065 + -18452. Let q = -10957 + f. Suppose 6*r - q = -1302. Is r a prime number?
False
Suppose 4*s = 3*s - 6. Let t be ((-3)/s)/((-1)/(-498)). Suppose -2*d = d - t. Is d prime?
True
Let v(m) = 2*m - 6. Let k be v(3). Suppose -2*z + 1222 + 372 = k. Is z a composite number?
False
Suppose -6*t = -61 + 31. Suppose -t*m + 7205 + 6210 = 0. Is m prime?
True
Let l be 2/(-3)*18/12. Is l*(-1 + 1 - 251) prime?
True
Suppose -5717 = -o + s + 4*s, -4*s = -16. Is o prime?
True
Let n(l) = -8*l + 1. Let u = -24 + 36. Suppose u*k + 28 = 5*k. Is n(k) prime?
False
Suppose 2*i + 5*j - 14 = -i, 2*i + j - 7 = 0. Let q be 0 + (2 - (i + -2)). Let o(g) = 15*g**2 + g - 1. Is o(q) a composite number?
True
Let c(g) = 8*g**3 + 12*g**2 + 68*g - 63. Is c(29) prime?
True
Let g(a) = 2*a**3 + 9*a**2 - 10*a - 1. Let z be g(-7). Let q be -357 - 0 - (0 + -4). Let y = z - q. Is y a composite number?
True
Let b(x) = -4*x**2 + 4 + 0*x**2 + 3*x**2. Let y be b(0). Suppose -5*v + q = -1053, 155 + 908 = 5*v + y*q. Is v a prime number?
True
Suppose 4*k - 3 - 9 = -4*g, 4*k = 3*g + 5. Suppose -2*v = -k*j + 5 + 31, -5*v - 58 = 3*j. Is v*81/(-6) + 2 prime?
True
Let x = 44 + -41. Suppose x*c - 1338 = -219. Is c prime?
True
Suppose -43 + 144 = 3*k + 2*z, -z = -4*k + 131. Suppose 5*a - 4*a = k. Suppose a + 6 = g. Is g prime?
False
Let w be 1/(1/(-2)) - 524. Suppose 10*p + 31 = -49. Is w/p*(3 + 1) a prime number?
True
Let d(g) = -589*g - 2. Let v = 33 + -34. Is d(v) a prime number?
True
Suppose -1267*n + 1264*n + 141186 = 0. Is n a prime number?
False
Suppose 3*w = 5*m - 126248, -m = -5*w - 8001 - 17253. Is m prime?
False
Let a(l) = l**2 - 13*l - 12. Let z be a(13). Let w = 16 - 6. Is (z/w)/((-10)/25) prime?
True
Let r be 10 - (3 - (-1 + 3)). Let n = r + -7. Is 3871/35 + n/5 a composite number?
True
Let t = -1595 + 3774. Is t prime?
True
Suppose -15*k = -65*k + 4805450. Is k prime?
False
Suppose 23*b = -1137561 + 3742978. Is b composite?
False
Let n(f) = 2*f**3 + f**2 - 2. Let z = -8 + 10. Let m be n(z). Is ((-88)/12)/((-4)/m) composite?
True
Let 